{"id":130,"date":"2020-10-07T11:04:58","date_gmt":"2020-10-07T11:04:58","guid":{"rendered":"https:\/\/otetkomlos.hu\/?page_id=130"},"modified":"2023-05-21T07:54:05","modified_gmt":"2023-05-21T07:54:05","slug":"szerek","status":"publish","type":"page","link":"https:\/\/otetkomlos.hu\/index.php\/szerek\/","title":{"rendered":"Szerek"},"content":{"rendered":"<h3 style=\"text-align: center;\">Iveco Magirus 140E30 HLF 24\/20-2 &#8222;Koml\u00f3s-1&#8221;<\/h3>\n<p><img decoding=\"async\" loading=\"lazy\" class=\"alignnone size-medium wp-image-82\" src=\"https:\/\/otetkomlos.hu\/wp-content\/uploads\/2020\/10\/100_2910-300x225.jpg\" alt=\"\" width=\"300\" height=\"225\" srcset=\"https:\/\/otetkomlos.hu\/wp-content\/uploads\/2020\/10\/100_2910-300x225.jpg 300w, https:\/\/otetkomlos.hu\/wp-content\/uploads\/2020\/10\/100_2910-1024x768.jpg 1024w, https:\/\/otetkomlos.hu\/wp-content\/uploads\/2020\/10\/100_2910-768x576.jpg 768w, https:\/\/otetkomlos.hu\/wp-content\/uploads\/2020\/10\/100_2910-1536x1152.jpg 1536w, https:\/\/otetkomlos.hu\/wp-content\/uploads\/2020\/10\/100_2910-2048x1536.jpg 2048w\" sizes=\"(max-width: 300px) 100vw, 300px\" \/>\u00a0 \u00a0 \u00a0 \u00a0 \u00a0 <img decoding=\"async\" loading=\"lazy\" class=\"alignnone size-medium wp-image-133\" src=\"https:\/\/otetkomlos.hu\/wp-content\/uploads\/2020\/10\/kep-023-300x225.jpg\" alt=\"\" width=\"300\" height=\"225\" srcset=\"https:\/\/otetkomlos.hu\/wp-content\/uploads\/2020\/10\/kep-023-300x225.jpg 300w, https:\/\/otetkomlos.hu\/wp-content\/uploads\/2020\/10\/kep-023-1024x768.jpg 1024w, https:\/\/otetkomlos.hu\/wp-content\/uploads\/2020\/10\/kep-023-768x576.jpg 768w, https:\/\/otetkomlos.hu\/wp-content\/uploads\/2020\/10\/kep-023-1536x1152.jpg 1536w, https:\/\/otetkomlos.hu\/wp-content\/uploads\/2020\/10\/kep-023-2048x1536.jpg 2048w\" sizes=\"(max-width: 300px) 100vw, 300px\" \/><\/p>\n<p style=\"text-align: center;\">A g\u00e9pj\u00e1rm\u0171fecskend\u0151 2000 literes be\u00e9p\u00edtett v\u00edztart\u00e1llyal \u00e9s 200 literes habk\u00e9pz\u0151 anyag tart\u00e1llyal rendelkezik \u00e9s a j\u00e1rm\u0171 motorj\u00e1r\u00f3l meghajtott\u00a0<strong>2.550 liter\/perc\u00a0<\/strong>v\u00edzsz\u00e1ll\u00edt\u00e1s\u00fa norm\u00e1l nyom\u00e1s\u00fa \u00e9s\u00a0<strong>400 liter\/perc\u00a0<\/strong>v\u00edzsz\u00e1ll\u00edt\u00e1s\u00fa nagynyom\u00e1s\u00fa szivatty\u00faval van ell\u00e1tva. M\u0171k\u00f6d\u00e9se lehet\u0151v\u00e9 teszi tart\u00e1lyr\u00f3l, v\u00edzh\u00e1l\u00f3zatr\u00f3l \u00e9s szabad felsz\u00edv\u00e1ssal oldalank\u00e9nt 2 db alapvezet\u00e9k, valamint alapvezet\u00e9kenk\u00e9nt 2 db &#8211; egyenk\u00e9nt 300 liter\/perc v\u00edz\u00e1tbocs\u00e1t\u00e1s\u00fa &#8211; sug\u00e1rcs\u0151 m\u0171k\u00f6dtet\u00e9s\u00e9t, tov\u00e1bb\u00e1 alkalmas neh\u00e9z \u00e9s\/vagy k\u00f6z\u00e9phab-sugarak, \u00e9s\/vagy hab-v\u00edz\u00e1gy\u00fa m\u0171k\u00f6dtet\u00e9s\u00e9re is. Rendelkezik oldalank\u00e9nt 1-1 db nagynyom\u00e1s\u00fa gyorsbeavatkoz\u00f3val \u00e9s a tet\u0151n 1 db\u00a0<strong>2400 liter\/perc v\u00edzsz\u00e1ll\u00edt\u00e1s\u00fa v\u00edz\u00e1gy\u00fava<\/strong>l.\u00a0 Lukas\u00a0 ment\u0151 k\u00e9szlet \u00e9s 5 KW aggreg\u00e1tor, f\u00e9ny\u00e1rboc az alap felszerel\u00e9se<\/p>\n<p style=\"text-align: center;\">\u00a0 2009. \u00e9vi \u00fczembe helyez\u00e9s\u00a0 \u00a0 \u00a0 \u00a0 \u00a0 \u00a0 \u00a0 \u00a0 \u00a0 \u00a0 \u00a0<strong>2010.<\/strong> m\u00e1rcius h\u00f3ban ker\u00fclt rendszerbe<\/p>\n<h3><\/h3>\n<h3 style=\"text-align: center;\">Mercedes Benz 1120AF &#8222;Koml\u00f3s-Tartal\u00e9k&#8221;<\/h3>\n<p><img decoding=\"async\" loading=\"lazy\" class=\"alignnone size-medium wp-image-540\" src=\"https:\/\/otetkomlos.hu\/wp-content\/uploads\/2023\/05\/IMG_20230510_083940-300x225.jpg\" alt=\"\" width=\"300\" height=\"225\" srcset=\"https:\/\/otetkomlos.hu\/wp-content\/uploads\/2023\/05\/IMG_20230510_083940-300x225.jpg 300w, https:\/\/otetkomlos.hu\/wp-content\/uploads\/2023\/05\/IMG_20230510_083940-1024x768.jpg 1024w, https:\/\/otetkomlos.hu\/wp-content\/uploads\/2023\/05\/IMG_20230510_083940-768x576.jpg 768w, https:\/\/otetkomlos.hu\/wp-content\/uploads\/2023\/05\/IMG_20230510_083940-1536x1152.jpg 1536w, https:\/\/otetkomlos.hu\/wp-content\/uploads\/2023\/05\/IMG_20230510_083940-2048x1536.jpg 2048w\" sizes=\"(max-width: 300px) 100vw, 300px\" \/>\u00a0 \u00a0 \u00a0 \u00a0 \u00a0 <img decoding=\"async\" loading=\"lazy\" class=\"alignnone size-medium wp-image-541\" src=\"https:\/\/otetkomlos.hu\/wp-content\/uploads\/2023\/05\/IMG_20230510_083955-300x225.jpg\" alt=\"\" width=\"300\" height=\"225\" srcset=\"https:\/\/otetkomlos.hu\/wp-content\/uploads\/2023\/05\/IMG_20230510_083955-300x225.jpg 300w, https:\/\/otetkomlos.hu\/wp-content\/uploads\/2023\/05\/IMG_20230510_083955-1024x768.jpg 1024w, https:\/\/otetkomlos.hu\/wp-content\/uploads\/2023\/05\/IMG_20230510_083955-768x576.jpg 768w, https:\/\/otetkomlos.hu\/wp-content\/uploads\/2023\/05\/IMG_20230510_083955-1536x1152.jpg 1536w, https:\/\/otetkomlos.hu\/wp-content\/uploads\/2023\/05\/IMG_20230510_083955-2048x1536.jpg 2048w\" sizes=\"(max-width: 300px) 100vw, 300px\" \/><\/p>\n<p style=\"text-align: center;\">G\u00e9pj\u00e1rm\u0171fecskend\u0151 2500 literes be\u00e9p\u00edtett v\u00edztart\u00e1llyal, habk\u00e9pz\u0151 anyag 100 liter kann\u00e1kban m\u00e1lh\u00e1zva a j\u00e1rm\u0171v\u00f6n. Szivatty\u00fa 1600 liter\/perc v\u00edzsz\u00e1ll\u00edt\u00e1s\u00fa, norm\u00e1l nyom\u00e1son, oldalank\u00e9nt egy-egy nyom\u00f3csokon szerelhet\u0151 alapvezet\u00e9k. Jobb oldalon el\u0151re szerelt, 50 m\u00e9teres gyorsbeavatkoz\u00f3 seg\u00edti a beavatkoz\u00e1st. Lukas ment\u0151 k\u00e9szlettel\u00a0 \u00e9s 5 KW aggreg\u00e1torral, \u00e1llv\u00e1nyos f\u00e9ny\u00e1rb\u00f3c az alapfelszerel\u00e9s.<\/p>\n<p>\u00a0 \u00a0 \u00a0 \u00a0 \u00a0 \u00a0 \u00a0 \u00a0 \u00a0 \u00a0 \u00a0 \u00a0 \u00a0 \u00a0 \u00a0 \u00a0 \u00a0 \u00a0 \u00a0 \u00a0 \u00a0 \u00a0 \u00a0 \u00a0 \u00a0<img decoding=\"async\" loading=\"lazy\" class=\"alignnone size-medium wp-image-542\" src=\"https:\/\/otetkomlos.hu\/wp-content\/uploads\/2023\/05\/IMG_20230510_084022-300x225.jpg\" alt=\"\" width=\"300\" height=\"225\" srcset=\"https:\/\/otetkomlos.hu\/wp-content\/uploads\/2023\/05\/IMG_20230510_084022-300x225.jpg 300w, https:\/\/otetkomlos.hu\/wp-content\/uploads\/2023\/05\/IMG_20230510_084022-1024x768.jpg 1024w, https:\/\/otetkomlos.hu\/wp-content\/uploads\/2023\/05\/IMG_20230510_084022-768x576.jpg 768w, https:\/\/otetkomlos.hu\/wp-content\/uploads\/2023\/05\/IMG_20230510_084022-1536x1152.jpg 1536w, https:\/\/otetkomlos.hu\/wp-content\/uploads\/2023\/05\/IMG_20230510_084022-2048x1536.jpg 2048w\" sizes=\"(max-width: 300px) 100vw, 300px\" \/>\u00a0 \u00a0 \u00a0 \u00a0 \u00a0 <img decoding=\"async\" loading=\"lazy\" class=\"alignnone size-medium wp-image-543\" src=\"https:\/\/otetkomlos.hu\/wp-content\/uploads\/2023\/05\/IMG_20230510_084034-300x225.jpg\" alt=\"\" width=\"300\" height=\"225\" srcset=\"https:\/\/otetkomlos.hu\/wp-content\/uploads\/2023\/05\/IMG_20230510_084034-300x225.jpg 300w, https:\/\/otetkomlos.hu\/wp-content\/uploads\/2023\/05\/IMG_20230510_084034-1024x768.jpg 1024w, https:\/\/otetkomlos.hu\/wp-content\/uploads\/2023\/05\/IMG_20230510_084034-768x576.jpg 768w, https:\/\/otetkomlos.hu\/wp-content\/uploads\/2023\/05\/IMG_20230510_084034-1536x1152.jpg 1536w, https:\/\/otetkomlos.hu\/wp-content\/uploads\/2023\/05\/IMG_20230510_084034-2048x1536.jpg 2048w\" sizes=\"(max-width: 300px) 100vw, 300px\" \/>\u00a0 \u00a0 \u00a0 \u00a0 \u00a0 <img decoding=\"async\" loading=\"lazy\" class=\"alignnone size-medium wp-image-544\" src=\"https:\/\/otetkomlos.hu\/wp-content\/uploads\/2023\/05\/IMG_20230510_084053-300x225.jpg\" alt=\"\" width=\"300\" height=\"225\" srcset=\"https:\/\/otetkomlos.hu\/wp-content\/uploads\/2023\/05\/IMG_20230510_084053-300x225.jpg 300w, https:\/\/otetkomlos.hu\/wp-content\/uploads\/2023\/05\/IMG_20230510_084053-1024x768.jpg 1024w, https:\/\/otetkomlos.hu\/wp-content\/uploads\/2023\/05\/IMG_20230510_084053-768x576.jpg 768w, https:\/\/otetkomlos.hu\/wp-content\/uploads\/2023\/05\/IMG_20230510_084053-1536x1152.jpg 1536w, https:\/\/otetkomlos.hu\/wp-content\/uploads\/2023\/05\/IMG_20230510_084053-2048x1536.jpg 2048w\" sizes=\"(max-width: 300px) 100vw, 300px\" \/><\/p>\n<p style=\"text-align: center;\">1996. \u00e9ven \u00fczembe helyezve N\u00e9metorsz\u00e1gban Neunkirchen am band-ban.\u00a0 \u00a02020 december\u00e9ben ker\u00fclt a rendszerbe.<\/p>\n<p>&nbsp;<\/p>\n<h3 style=\"text-align: center;\">Suzuki Vitara &#8222;Koml\u00f3s-8&#8221;<\/h3>\n<div id='gallery-1' class='gallery galleryid-130 gallery-columns-3 gallery-size-medium'><figure class='gallery-item'>\n\t\t\t<div class='gallery-icon landscape'>\n\t\t\t\t<a href='https:\/\/otetkomlos.hu\/index.php\/szerek\/img_20230510_084159\/'><img width=\"300\" height=\"225\" src=\"https:\/\/otetkomlos.hu\/wp-content\/uploads\/2023\/05\/IMG_20230510_084159-300x225.jpg\" class=\"attachment-medium size-medium\" alt=\"\" decoding=\"async\" loading=\"lazy\" srcset=\"https:\/\/otetkomlos.hu\/wp-content\/uploads\/2023\/05\/IMG_20230510_084159-300x225.jpg 300w, https:\/\/otetkomlos.hu\/wp-content\/uploads\/2023\/05\/IMG_20230510_084159-1024x768.jpg 1024w, https:\/\/otetkomlos.hu\/wp-content\/uploads\/2023\/05\/IMG_20230510_084159-768x576.jpg 768w, https:\/\/otetkomlos.hu\/wp-content\/uploads\/2023\/05\/IMG_20230510_084159-1536x1152.jpg 1536w, https:\/\/otetkomlos.hu\/wp-content\/uploads\/2023\/05\/IMG_20230510_084159-2048x1536.jpg 2048w\" sizes=\"(max-width: 300px) 100vw, 300px\" \/><\/a>\n\t\t\t<\/div><\/figure><figure class='gallery-item'>\n\t\t\t<div class='gallery-icon landscape'>\n\t\t\t\t<a href='https:\/\/otetkomlos.hu\/index.php\/szerek\/img_20230510_084147\/'><img width=\"300\" height=\"225\" src=\"https:\/\/otetkomlos.hu\/wp-content\/uploads\/2023\/05\/IMG_20230510_084147-300x225.jpg\" class=\"attachment-medium size-medium\" alt=\"\" decoding=\"async\" loading=\"lazy\" srcset=\"https:\/\/otetkomlos.hu\/wp-content\/uploads\/2023\/05\/IMG_20230510_084147-300x225.jpg 300w, https:\/\/otetkomlos.hu\/wp-content\/uploads\/2023\/05\/IMG_20230510_084147-1024x768.jpg 1024w, https:\/\/otetkomlos.hu\/wp-content\/uploads\/2023\/05\/IMG_20230510_084147-768x576.jpg 768w, https:\/\/otetkomlos.hu\/wp-content\/uploads\/2023\/05\/IMG_20230510_084147-1536x1152.jpg 1536w, https:\/\/otetkomlos.hu\/wp-content\/uploads\/2023\/05\/IMG_20230510_084147-2048x1536.jpg 2048w\" sizes=\"(max-width: 300px) 100vw, 300px\" \/><\/a>\n\t\t\t<\/div><\/figure>\n\t\t<\/div>\n\n<p>&nbsp;<\/p>\n<p style=\"text-align: center;\">T\u0171zolt\u00e1s vezet\u0151i g\u00e9pj\u00e1rm\u0171, sz\u00fcks\u00e9g szerint \u00fcgyit\u00e9z\u0151, parancsnoki feladatokra.<\/p>\n<p style=\"text-align: center;\">2021. \u00e9vben \u00fczembe helyezve.<\/p>\n<p>&nbsp;<\/p>\n<h3 style=\"text-align: center;\">Volkswagen Amarok &#8222;Koml\u00f3s \u00d6TE-P\u00e1lya&#8221;<\/h3>\n<div id='gallery-2' class='gallery galleryid-130 gallery-columns-3 gallery-size-medium'><figure class='gallery-item'>\n\t\t\t<div class='gallery-icon landscape'>\n\t\t\t\t<a href='https:\/\/otetkomlos.hu\/index.php\/szerek\/img_20230510_083735\/'><img width=\"300\" height=\"225\" src=\"https:\/\/otetkomlos.hu\/wp-content\/uploads\/2023\/05\/IMG_20230510_083735-300x225.jpg\" class=\"attachment-medium size-medium\" alt=\"\" decoding=\"async\" loading=\"lazy\" srcset=\"https:\/\/otetkomlos.hu\/wp-content\/uploads\/2023\/05\/IMG_20230510_083735-300x225.jpg 300w, https:\/\/otetkomlos.hu\/wp-content\/uploads\/2023\/05\/IMG_20230510_083735-1024x768.jpg 1024w, https:\/\/otetkomlos.hu\/wp-content\/uploads\/2023\/05\/IMG_20230510_083735-768x576.jpg 768w, https:\/\/otetkomlos.hu\/wp-content\/uploads\/2023\/05\/IMG_20230510_083735-1536x1152.jpg 1536w, https:\/\/otetkomlos.hu\/wp-content\/uploads\/2023\/05\/IMG_20230510_083735-2048x1536.jpg 2048w\" sizes=\"(max-width: 300px) 100vw, 300px\" \/><\/a>\n\t\t\t<\/div><\/figure><figure class='gallery-item'>\n\t\t\t<div class='gallery-icon landscape'>\n\t\t\t\t<a href='https:\/\/otetkomlos.hu\/index.php\/szerek\/img_20230510_083805\/'><img width=\"300\" height=\"225\" src=\"https:\/\/otetkomlos.hu\/wp-content\/uploads\/2023\/05\/IMG_20230510_083805-300x225.jpg\" class=\"attachment-medium size-medium\" alt=\"\" decoding=\"async\" loading=\"lazy\" srcset=\"https:\/\/otetkomlos.hu\/wp-content\/uploads\/2023\/05\/IMG_20230510_083805-300x225.jpg 300w, https:\/\/otetkomlos.hu\/wp-content\/uploads\/2023\/05\/IMG_20230510_083805-1024x768.jpg 1024w, https:\/\/otetkomlos.hu\/wp-content\/uploads\/2023\/05\/IMG_20230510_083805-768x576.jpg 768w, https:\/\/otetkomlos.hu\/wp-content\/uploads\/2023\/05\/IMG_20230510_083805-1536x1152.jpg 1536w, https:\/\/otetkomlos.hu\/wp-content\/uploads\/2023\/05\/IMG_20230510_083805-2048x1536.jpg 2048w\" sizes=\"(max-width: 300px) 100vw, 300px\" \/><\/a>\n\t\t\t<\/div><\/figure><figure class='gallery-item'>\n\t\t\t<div class='gallery-icon landscape'>\n\t\t\t\t<a href='https:\/\/otetkomlos.hu\/index.php\/szerek\/img_20230510_083757\/'><img width=\"300\" height=\"225\" src=\"https:\/\/otetkomlos.hu\/wp-content\/uploads\/2023\/05\/IMG_20230510_083757-300x225.jpg\" class=\"attachment-medium size-medium\" alt=\"\" decoding=\"async\" loading=\"lazy\" srcset=\"https:\/\/otetkomlos.hu\/wp-content\/uploads\/2023\/05\/IMG_20230510_083757-300x225.jpg 300w, https:\/\/otetkomlos.hu\/wp-content\/uploads\/2023\/05\/IMG_20230510_083757-1024x768.jpg 1024w, https:\/\/otetkomlos.hu\/wp-content\/uploads\/2023\/05\/IMG_20230510_083757-768x576.jpg 768w, https:\/\/otetkomlos.hu\/wp-content\/uploads\/2023\/05\/IMG_20230510_083757-1536x1152.jpg 1536w, https:\/\/otetkomlos.hu\/wp-content\/uploads\/2023\/05\/IMG_20230510_083757-2048x1536.jpg 2048w\" sizes=\"(max-width: 300px) 100vw, 300px\" \/><\/a>\n\t\t\t<\/div><\/figure>\n\t\t<\/div>\n\n<p>M\u0171szaki ment\u00e9si feladatokra els\u0151dleges beavatkoz\u00f3 j\u00e1rm\u0171ve. Felszerel\u00e9se alapj\u00e1n k\u00f6z\u00fati balesetek, vihark\u00e1rok felsz\u00e1mol\u00e1s\u00e1ra, \u00e9s ut\u00e1nfut\u00f3 kapcsol\u00e1s\u00e1val \u00e1r \u00e9s belv\u00edzv\u00e9dekez\u00e9si feladatokra kialak\u00edtva, rendszeres\u00edtve. Az egyes\u00fclet a D\u00e9l-B\u00e9k\u00e9s Ment\u0151csoport tagjak\u00e9nt haszn\u00e1lja a sz\u00fcks\u00e9g szerint.<\/p>\n<p style=\"text-align: center;\">2020. \u00e9vben \u00fczembe helyezve. BM OKF tulajdona.<\/p>\n<p>&nbsp;<\/p>\n<p>&nbsp;<\/p>\n","protected":false},"excerpt":{"rendered":"<p>Iveco Magirus 140E30 HLF 24\/20-2 &#8222;Koml\u00f3s-1&#8221; \u00a0 \u00a0 \u00a0 \u00a0 \u00a0 A g\u00e9pj\u00e1rm\u0171fecskend\u0151 2000 literes be\u00e9p\u00edtett v\u00edztart\u00e1llyal \u00e9s 200 literes habk\u00e9pz\u0151 anyag tart\u00e1llyal rendelkezik \u00e9s a j\u00e1rm\u0171 motorj\u00e1r\u00f3l meghajtott\u00a02.550 liter\/perc\u00a0v\u00edzsz\u00e1ll\u00edt\u00e1s\u00fa&hellip; <\/p>\n","protected":false},"author":1,"featured_media":0,"parent":0,"menu_order":0,"comment_status":"closed","ping_status":"closed","template":"","meta":[],"_links":{"self":[{"href":"https:\/\/otetkomlos.hu\/index.php\/wp-json\/wp\/v2\/pages\/130"}],"collection":[{"href":"https:\/\/otetkomlos.hu\/index.php\/wp-json\/wp\/v2\/pages"}],"about":[{"href":"https:\/\/otetkomlos.hu\/index.php\/wp-json\/wp\/v2\/types\/page"}],"author":[{"embeddable":true,"href":"https:\/\/otetkomlos.hu\/index.php\/wp-json\/wp\/v2\/users\/1"}],"replies":[{"embeddable":true,"href":"https:\/\/otetkomlos.hu\/index.php\/wp-json\/wp\/v2\/comments?post=130"}],"version-history":[{"count":18,"href":"https:\/\/otetkomlos.hu\/index.php\/wp-json\/wp\/v2\/pages\/130\/revisions"}],"predecessor-version":[{"id":564,"href":"https:\/\/otetkomlos.hu\/index.php\/wp-json\/wp\/v2\/pages\/130\/revisions\/564"}],"wp:attachment":[{"href":"https:\/\/otetkomlos.hu\/index.php\/wp-json\/wp\/v2\/media?parent=130"}],"curies":[{"name":"wp","href":"https:\/\/api.w.org\/{rel}","templated":true}]}}