{"id":11,"date":"2020-10-05T20:59:50","date_gmt":"2020-10-05T20:59:50","guid":{"rendered":"https:\/\/otetkomlos.hu\/?page_id=11"},"modified":"2020-10-06T17:41:59","modified_gmt":"2020-10-06T17:41:59","slug":"elerhetoseg","status":"publish","type":"page","link":"https:\/\/otetkomlos.hu\/index.php\/elerhetoseg\/","title":{"rendered":"El\u00e9rhet\u0151s\u00e9g"},"content":{"rendered":"\r\n<table border=\"0\" width=\"550\" align=\"center\">\r\n<tbody>\r\n<tr>\r\n<td>\r\n<table border=\"0\" width=\"550\" align=\"center\">\r\n<tbody>\r\n<tr>\r\n<td width=\"270\">\r\n<div align=\"center\">\r\n<p><strong><span style=\"font-family: Georgia, Times New Roman, Times, serif; font-size: medium;\">T\u00f3tkoml\u00f3si \u00d6nkorm\u00e1nyzati\u00a0 T\u0171zolt\u00f3s\u00e1g<\/span><\/strong><span style=\"font-family: Georgia, Times New Roman, Times, serif; font-size: medium;\"><b><br \/>k\u00f6zhaszn\u00fa t\u00e1rsadalmi szervezet<\/b><\/span><\/p>\r\n<p><em><span style=\"font-family: Georgia, Times New Roman, Times, serif; font-size: medium;\">Ad\u00f3sz\u00e1m:<\/span><\/em><br \/><strong><span style=\"font-family: Georgia, Times New Roman, Times, serif; font-size: medium;\">18390258-1-04<\/span><\/strong><\/p>\r\n<p><em><span style=\"font-family: Georgia, Times New Roman, Times, serif; font-size: medium;\">Banksz\u00e1mlasz\u00e1m:<\/span><\/em><br \/><strong><span style=\"font-family: Georgia, Times New Roman, Times, serif; font-size: medium;\">Takar\u00e9kbank<br \/>53300074-11049607<\/span><\/strong><\/p>\r\n<\/div>\r\n<\/td>\r\n<td width=\"270\">\r\n<p align=\"center\"><span style=\"font-size: medium;\"><b><span style=\"font-family: Georgia, Times New Roman, Times, serif;\">\u00d6nk\u00e9ntes T\u0171zolt\u00f3 Egyes\u00fclet T\u00f3tkoml\u00f3s<br \/><\/span><\/b><span style=\"font-family: Georgia, Times New Roman, Times, serif;\"><b>\u00a0t\u00e1rsadalmi szervezet<\/b><\/span><\/span><\/p>\r\n<p align=\"center\"><i><span style=\"font-family: Georgia, Times New Roman, Times, serif;\">Ad\u00f3sz\u00e1m:<br \/><\/span><\/i><span style=\"font-family: Georgia, Times New Roman, Times, serif;\"><b><span style=\"font-size: medium;\">18382581-1-04<\/span><\/b><\/span><\/p>\r\n<p align=\"center\"><span style=\"font-family: Georgia, Times New Roman, Times, serif;\"><i>Banksz\u00e1mlasz\u00e1m:<\/i><br \/><\/span><strong><span style=\"font-family: Georgia, Times New Roman, Times, serif; font-size: medium;\">\u00a0 \u00a0 \u00a0 \u00a0 \u00a0 \u00a0 Takar\u00e9kbank\u00a0 \u00a0 \u00a0 \u00a0 \u00a0 \u00a0 \u00a0 \u00a0<\/span><\/strong><strong><span style=\"font-family: Georgia, Times New Roman, Times, serif; font-size: medium;\">\u00a0 53300074-11052609<\/span><\/strong><\/p>\r\n<\/td>\r\n<\/tr>\r\n<\/tbody>\r\n<\/table>\r\n<\/td>\r\n<\/tr>\r\n<tr>\r\n<td>\r\n<table border=\"0\" width=\"330\" align=\"center\">\r\n<tbody>\r\n<tr>\r\n<td>\r\n<div align=\"center\"><hr \/><\/div>\r\n<\/td>\r\n<\/tr>\r\n<tr>\r\n<td>\r\n<div align=\"center\"><strong><span style=\"font-family: Georgia, Times New Roman, Times, serif; font-size: medium;\"><em><u>Lev\u00e9lc\u00edm:<\/u><\/em><\/span><\/strong><\/div>\r\n<\/td>\r\n<\/tr>\r\n<tr>\r\n<td>\r\n<div align=\"center\"><em><span style=\"font-family: Verdana, Arial, Helvetica, sans-serif; font-size: medium;\">5940 T\u00f3tkoml\u00f3s, Kossuth L. utca 16.<\/span><\/em><\/div>\r\n<\/td>\r\n<\/tr>\r\n<tr>\r\n<td>\r\n<div align=\"center\"><strong><span style=\"font-family: Georgia, Times New Roman, Times, serif; font-size: medium;\"><em><u>Telefon:<\/u><\/em><\/span><\/strong><\/div>\r\n<\/td>\r\n<\/tr>\r\n<tr>\r\n<td>\r\n<div align=\"center\"><em><span style=\"font-family: Verdana, Arial, Helvetica, sans-serif; font-size: medium;\">+ 36 \/ 68 462 &#8211; 244<br \/>+ 36 30 668 &#8211; 99 &#8211; 55<\/span><\/em><\/div>\r\n<\/td>\r\n<\/tr>\r\n<tr>\r\n<td>\r\n<div align=\"center\"><strong><span style=\"font-family: Georgia, Times New Roman, Times, serif; font-size: medium;\"><em><u>Fax:<\/u><\/em><\/span><\/strong><\/div>\r\n<\/td>\r\n<\/tr>\r\n<tr>\r\n<td>\r\n<p align=\"center\"><span style=\"font-family: Verdana, Arial, Helvetica, sans-serif;\"><em><span style=\"font-size: medium;\">+ 36 \/ 68 462 &#8211; 244<\/span><\/em><\/span><\/p>\r\n<\/td>\r\n<\/tr>\r\n<tr>\r\n<td>\r\n<div align=\"center\"><strong><span style=\"font-family: Georgia, Times New Roman, Times, serif; font-size: medium;\"><em><u>E &#8211; mail c\u00edm:<\/u><\/em><\/span><\/strong><\/div>\r\n<\/td>\r\n<\/tr>\r\n<tr>\r\n<td>\r\n<div align=\"center\">\r\n<p><span style=\"font-family: Verdana, Arial, Helvetica, sans-serif; font-size: medium;\"><a href=\"mailto:otetkomlos@mail.totkomlos.hu\"><em>otetkomlos@mail.totkomlos.hu<\/em><\/a><\/span><\/p>\r\n<p><span style=\"font-family: Verdana, Arial, Helvetica, sans-serif; font-size: medium;\"><em><a href=\"mailto:totkomlos_ot@mail.totkomlos.hu\">totkomlos_ot@mail.totkomlos.hu<\/a><\/em><\/span><\/p>\r\n<\/div>\r\n<\/td>\r\n<\/tr>\r\n<tr>\r\n<td>\r\n<div align=\"center\"><strong><span style=\"font-family: Georgia, Times New Roman, Times, serif; font-size: medium;\"><em><u>Nagy S\u00e1ndor parancsnok:<\/u><\/em><\/span><\/strong><\/div>\r\n<\/td>\r\n<\/tr>\r\n<tr>\r\n<td>\r\n<div align=\"center\"><em><span style=\"font-family: Verdana, Arial, Helvetica, sans-serif; font-size: medium;\">+ 36 30 668 &#8211; 99 &#8211; 45<\/span><\/em><\/div>\r\n<\/td>\r\n<\/tr>\r\n<\/tbody>\r\n<\/table>\r\n<\/td>\r\n<\/tr>\r\n<\/tbody>\r\n<\/table>\r\n","protected":false},"excerpt":{"rendered":"<p>T\u00f3tkoml\u00f3si \u00d6nkorm\u00e1nyzati\u00a0 T\u0171zolt\u00f3s\u00e1gk\u00f6zhaszn\u00fa t\u00e1rsadalmi szervezet Ad\u00f3sz\u00e1m:18390258-1-04 Banksz\u00e1mlasz\u00e1m:Takar\u00e9kbank53300074-11049607 \u00d6nk\u00e9ntes T\u0171zolt\u00f3 Egyes\u00fclet T\u00f3tkoml\u00f3s\u00a0t\u00e1rsadalmi szervezet Ad\u00f3sz\u00e1m:18382581-1-04 Banksz\u00e1mlasz\u00e1m:\u00a0 \u00a0 \u00a0 \u00a0 \u00a0 \u00a0 Takar\u00e9kbank\u00a0 \u00a0 \u00a0 \u00a0 \u00a0 \u00a0 \u00a0 \u00a0\u00a0 53300074-11052609 Lev\u00e9lc\u00edm: 5940&hellip; <\/p>\n","protected":false},"author":1,"featured_media":0,"parent":0,"menu_order":0,"comment_status":"closed","ping_status":"closed","template":"","meta":[],"_links":{"self":[{"href":"https:\/\/otetkomlos.hu\/index.php\/wp-json\/wp\/v2\/pages\/11"}],"collection":[{"href":"https:\/\/otetkomlos.hu\/index.php\/wp-json\/wp\/v2\/pages"}],"about":[{"href":"https:\/\/otetkomlos.hu\/index.php\/wp-json\/wp\/v2\/types\/page"}],"author":[{"embeddable":true,"href":"https:\/\/otetkomlos.hu\/index.php\/wp-json\/wp\/v2\/users\/1"}],"replies":[{"embeddable":true,"href":"https:\/\/otetkomlos.hu\/index.php\/wp-json\/wp\/v2\/comments?post=11"}],"version-history":[{"count":5,"href":"https:\/\/otetkomlos.hu\/index.php\/wp-json\/wp\/v2\/pages\/11\/revisions"}],"predecessor-version":[{"id":128,"href":"https:\/\/otetkomlos.hu\/index.php\/wp-json\/wp\/v2\/pages\/11\/revisions\/128"}],"wp:attachment":[{"href":"https:\/\/otetkomlos.hu\/index.php\/wp-json\/wp\/v2\/media?parent=11"}],"curies":[{"name":"wp","href":"https:\/\/api.w.org\/{rel}","templated":true}]}}